6, what is 7 - ad5?
-ace
In base 8, what is -37224224 + -1?
-37224225
In base 15, what is -10b - -18?
-e3
In base 12, what is 5 - -153?
158
In base 4, what is 23023 + 1330330?
2020013
In base 11, what is 62995 + 3?
62998
In base 10, what is -19501 - -3?
-19498
In base 15, what is -12 - 10cb?
-10dd
In base 6, what is -40 - -5431?
5351
In base 13, what is -3 + 291a?
2917
In base 2, what is -1111 + -11010010101001110?
-11010010101011101
In base 13, what is a - 52458?
-5244b
In base 16, what is -8 - -17bbc?
17bb4
In base 7, what is -1 - -135104?
135103
In base 7, what is 0 - 116361?
-116361
In base 16, what is -9 + -efb1?
-efba
In base 3, what is 2 - 2021010?
-2021001
In base 11, what is 29 + 1166?
1194
In base 13, what is 94b41 - 5?
94b39
In base 4, what is 1211321 - 13?
1211302
In base 16, what is -2 - -5035?
5033
In base 4, what is 32230 + 11?
32301
In base 5, what is -1403140222 - 10?
-1403140232
In base 3, what is -21021111211 - -1?
-21021111210
In base 4, what is 0 - -32200212?
32200212
In base 6, what is 5150130 + -3?
5150123
In base 4, what is 3022232012 + 1?
3022232013
In base 16, what is 2 - c16a0?
-c169e
In base 15, what is -5 + -ede?
-ee4
In base 11, what is 14 - 1295?
-1281
In base 15, what is -162 - 431?
-593
In base 2, what is 1110111101 - 1?
1110111100
In base 11, what is -413a - 1?
-4140
In base 9, what is -21002 + -40?
-21042
In base 5, what is 403404 - -4?
403413
In base 7, what is -30 - 24200?
-24230
In base 13, what is 4 + 1a0548?
1a054c
In base 11, what is -2 - -4933?
4931
In base 11, what is 12 + -36aa?
-3698
In base 8, what is 1455166 - -5?
1455173
In base 16, what is -23b6bd - 3?
-23b6c0
In base 2, what is 11 + -10101110100010111?
-10101110100010100
In base 12, what is 0 + -34b5?
-34b5
In base 8, what is 3 + -35620?
-35615
In base 13, what is c07 - -5?
c0c
In base 4, what is -3013 - 10121022?
-10130101
In base 2, what is 110101 - 10000010010?
-1111011101
In base 8, what is -260732 - -10?
-260722
In base 5, what is -13040 + -310?
-13400
In base 16, what is a9db - -f?
a9ea
In base 14, what is -171 - 70?
-201
In base 2, what is -1100110100110110110 - -11?
-1100110100110110011
In base 9, what is -1382 - 201?
-1583
In base 9, what is 2756 - 46?
2710
In base 11, what is 141532 - -3?
141535
In base 10, what is -1820 - -4?
-1816
In base 3, what is 220111011 + -11?
220111000
In base 2, what is -111010010101 + 111?
-111010001110
In base 9, what is -108815 + -5?
-108821
In base 2, what is 0 + -1011110101000100?
-1011110101000100
In base 8, what is -12 + -11462?
-11474
In base 11, what is -5 - aa88?
-aa92
In base 7, what is -2 - -46024?
46022
In base 6, what is -141403312 + 2?
-141403310
In base 5, what is 3 + 13011410?
13011413
In base 6, what is 5 + 1213011?
1213020
In base 15, what is -4 - -27b?
277
In base 8, what is 4 - -270750?
270754
In base 10, what is 1 - -2067?
2068
In base 10, what is -272275 + 5?
-272270
In base 12, what is 2 - -1823?
1825
In base 12, what is -1bb84 - 4?
-1bb88
In base 9, what is 12686 - 8?
12677
In base 12, what is -472 + 598?
126
In base 13, what is 4797 - 8?
478c
In base 4, what is -130323 + -113?
-131102
In base 10, what is -5 + -98?
-103
In base 16, what is 371e + -2?
371c
In base 5, what is 10 - 4043?
-4033
In base 7, what is -23 + -1034445?
-1034501
In base 6, what is 24 - -32020?
32044
In base 6, what is 55212 + 154?
55410
In base 15, what is -262 - -249?
-18
In base 14, what is -58 + 82?
28
In base 2, what is 110010 + 10111001?
11101011
In base 10, what is 4350 - 186?
4164
In base 13, what is 19899a - 1?
198999
In base 7, what is 0 + 1613223?
1613223
In base 2, what is -10001 - 111100110111?
-111101001000
In base 5, what is 10014 - 12402?
-2333
In base 2, what is 0 + -101100000101100?
-101100000101100
In base 6, what is 3 - 344515?
-344512
In base 8, what is 61766 - -50?
62036
In base 11, what is 633 - -17?
64a
In base 2, what is 100 - -10010010011010011?
10010010011010111
In base 9, what is 5 - 758063?
-758057
In base 7, what is 30 - -16105?
16135
In base 2, what is 1100111100110010 + 11?
1100111100110101
In base 13, what is -4082 - 77?
-4129
In base 15, what is 7 - -171b?
1723
In base 7, what is 603563 + -12?
603551
In base 3, what is 12 + 202101200?
202101212
In base 7, what is -304261 - -2?
-304256
In base 12, what is 36 + -14786?
-14750
In base 7, what is 103 + -166?
-63
In base 14, what is -73 - 372?
-405
In base 14, what is 3 - 28cd?
-28ca
In base 4, what is -21301 - -23002?
1101
In base 6, what is 30505 - 130?
30335
In base 2, what is 100000101000001101 + 111?
100000101000010100
In base 16, what is 883 - -12?
895
In base 15, what is 10 - -17eb1?
17ec1
In base 7, what is 201630 - -1?
201631
In base 15, what is 30 + 26b?
29b
In base 5, what is -2400 - -2032?
-313
In base 16, what is -8be + 17?
-8a7
In base 8, what is 617325 + -16?
617307
In base 12, what is 16347 - 2?
16345
In base 9, what is -54 + -422?
-476
In base 5, what is 3 + 3243013?
3243021
In base 2, what is -1000011110111001 + 0?
-1000011110111001
In base 6, what is -135554 - 11?
-140005
In base 10, what is 27 + -2634?
-2607
In base 6, what is -151154 + 1?
-151153
In base 10, what is 1130 - 1169?
-39
In base 6, what is -4 + -423400?
-423404
In base 11, what is -13a7 - 0?
-13a7
In base 14, what is -21dbb + -3?
-21dc0
In base 12, what is -9 + 5b?
52
In base 8, what is -6013 + 444?
-5347
In base 2, what is 100 + -101101111110001?
-101101111101101
In base 16, what is 31 + -75a7?
-7576
In base 6, what is 2 + 15212?
15214
In base 14, what is -18d + 26b?
bc
In base 7, what is -42125643 + 0?
-42125643
In base 7, what is 46 + -22453?
-22404
In base 2, what is 111101 - 10011111001?
-10010111100
In base 8, what is -633 + 60?
-553
In base 6, what is -502330 - -4?
-502322
In base 6, what is -3 + -2350444?
-2350451
In base 3, what is -2102 + -10111?
-12220
In base 4, what is -10 - -2110212?
2110202
In base 13, what is 1590 - -127?
16b7
In base 7, what is 263146 + 20?
263166
In base 10, what is -11 - -177006?
176995
In base 8, what is 41 - -324774?
325035
In base 11, what is -1297626 - -4?
-1297622
In base 13, what is -3 - -2555?
2552
In base 8, what is -6 - 123046?
-123054
In base 12, what is -b + 424a2?
42493
In base 14, what is -6c0 - 88a?
-116a
In base 6, what is 5 - -100?
105
In base 4, what is 11 - -111223331?
111230002
In base 15, what is 371 - -20?
391
In base 2, what is 1100111 + -11010101001?
-11001000010
In base 4, what is 122231 - -12100?
200331
In base 16, what is -9 + 10d9?
10d0
In base 13, what is -5 + -451481?
-451486
In base 16, what is 2 + 4f00?
4f02
In base 4, what is -102323213 + 201?
-102323012
In base 11, what is 12 - -355?
367
In base 14, what is -d5 - -c74?
b7d
In base 11, what is -28843a - -6?
-288434
In base 13, what is -47 + -108?
-152
In base 16, what is -1 + 53cd?
53cc
In base 9, what is 28 - 165?
-136
In base 16, what is 5 + 2bc2?
2bc7
In base 16, what is -5bcb2 + 3?
-5bcaf
In base 10, what is 11 + 4818?
4829
In base 7, what is -112433 + -5?
-112441
In base 2, what is 1001 - 1101110111111?
-1101110110110
In base 15, what is -10 - 147?
-157
In base 9, what is 85760 + 4?
85764
In base 4, what is 3 + -22332030?
-22332021
In base 7, what is 20 - 1033?
-1013
In base 12, what is -6a + 36a0?
3632
In base 15, what is 5 - 854d?
-8548
In base 3, what is -110212 + -200?
-111112
In base 12, what is 5 - 24923?
-2491a
In base 14, what is -4 + 62b4?
62b0
In base 3, what is 112 + -1211221?
-1211102
In base 10, what is -6369 - -66?
-6303
In base 13, what is 3 - 501a?
-5017
In base 5, what is -1402 + 3431?
2024
In base 6, what is -2 - -21513524?
21513522
In base 16, what is -43 + 165b?
1618
In base 3, what is -11 + 20121001122?
20121001111
In base 14, what is -55a + -7?
-563
In base 5, what is 121 + -40442?
-40321
In base 11, what is 687a0 + -18?
68783
In base 11, what is -5722 + 4a?
-5683
In base 10, what is -4060754 - 1?
-4060755
In base 6, what is 33514 + -40?
33434
In base 10, what is -2857 + 7?
-2850
In base 3, what is -2000022211102 - 10?
-2000022211112
In base 10, what is -25600 - -6?
-25594
In base 16, what is f2d1 - -2?
f2d3
In base 2, what is -1011100001 + -10001001?
-1101101010
In base 8, what is -13364 - -103?
-13261
In base 3, what is -102200 - -102102010?
101222110
In base 14, what is d22 + 4b5?
13d7
In base 14, wha